) = -9*k + 9. Let r(b) = 2*l(b) - 3*q(b). Give r(4).
18
Let b(c) = 6*c + 4. Let v(p) be the third derivative of p**4/24 + p**3/6 + p**2. Let f(m) = -b(m) + 5*v(m). Let n be -4*(2 + (0 - 1)). Determine f(n).
5
Let f(k) = k - 1. Let i be -2 - (-3)/(6/26). Suppose -3*p + u + i = 0, -2*u - 6 - 13 = -5*p. Suppose -2*w + 25 = -p*z, -z + 20 = -w - 6*z. Determine f(w).
4
Let t(h) = 6*h + 3*h - 6 - 8*h. Calculate t(5).
-1
Let f(b) be the third derivative of -b**4/8 + b**3/6 + 25*b**2. Determine f(-4).
13
Let t be -2 + (-5)/1*-1. Let w be (t - 3)/((-2)/1). Let n(a) = -4*a + w*a + 3*a**2 + a**2 + a**3 - 2. Calculate n(-5).
-7
Let j(v) = 8*v + 4. Let f(d) = 7*d + 3. Let s(k) = -7*f(k) + 6*j(k). Give s(-7).
10
Let z = 9 - -26. Suppose -4*o = 7 - z. Let s(a) = a**2 - 6*a - 5. Give s(o).
2
Let h(o) = -o + o**2 - 7*o + 2 + 1. Let n be h(7). Let u(f) = f**2 + 3*f. Calculate u(n).
4
Let s(u) = -u**3 + 4*u**2 - u + 4. Let l be (4 + -1)/(3 - 2). Let r be l/2*(-24)/(-9). Calculate s(r).
0
Let z(d) = d + 9. Suppose -5*n - 25 = -n + o, -4*o = 3*n + 9. Give z(n).
2
Let c(r) be the second derivative of -1/6*r**3 + 1/2*r**2 + 3*r + 1/20*r**5 - 1/6*r**4 + 0. Give c(2).
-1
Let v(s) = s - 3. Let a be v(5). Suppose -3*w + 10 = a*t, -4 = -2*w - 3*w + 3*t. Let h(r) be the second derivative of -5*r**3/6 + 200*r. What is h(w)?
-10
Let l(r) = -r**3 + 7*r**2 - 7*r - 6. Let n be (-18)/(-15)*(-20)/(-4). Give l(n).
-12
Let j(f) be the second derivative of -f**5/20 - f**4/3 - 2*f**3/3 - f**2 - f. Calculate j(-3).
1
Let s(p) = -p**2 + 8*p - 3. Let u(a) = -2 + 0 + 3 + a. Let h be u(6). Let f be s(h). Let k(w) = w**3 - 5*w**2 + 4*w + 5. Give k(f).
5
Let p be (-6*(-12)/(-18))/(-1 + 2). Let q(c) = -c**3 - 2*c**2 + 6*c + 3. What is q(p)?
11
Let u = 12 - 7. Let m(o) = o**2 + o + 1. Let t(p) be the third derivative of -p**5/60 - p**3/6 + 3*p**2. Let z(h) = -6*m(h) - 7*t(h). Calculate z(u).
-4
Let k(r) = -5*r + 0*r + 3 + 3*r. Suppose -3*u + 3*n - 9 = -3, 2*u - n = -6. Let b be u/(-10) - 36/(-10). What is k(b)?
-5
Let g(q) = -3 - 2*q**2 - 3*q**3 + 6*q**2 + 3*q + 4*q**3. Let b be g(-3). Let y(i) = -i**2 - 4*i - 4. What is y(b)?
-1
Let r(v) = -395*v + 802*v - 398*v. Let c be (4/6)/((-2)/3). What is r(c)?
-9
Suppose 3*n + 3 = 3*k, -n + 5*k = 2*k + 1. Let b(j) = 6*j + 2. Let y = 2 - 1. Let f(u) = u + 1. Let w(s) = y*b(s) - 3*f(s). What is w(n)?
-4
Suppose 18 = 4*m - 2. Let w(a) be the first derivative of -a**4/4 + 5*a**3/3 - a**2/2 - a - 45. Let o be w(m). Let s(j) = j**3 + 6*j**2 - j - 5. Give s(o).
1
Suppose 15 = 3*u - 0. Let t(n) = 2*n**3 + 6*n**2 - n - 2. Let r(b) = b**3 + b - 1. Let s(i) = 3*r(i) - t(i). Calculate s(u).
-6
Let q = 12 + -9. Let d = q + -6. Let f(v) = 8*v + 3. Let a(n) = -7*n - 3. Let y(b) = -5*a(b) - 4*f(b). Calculate y(d).
-6
Let a(s) = -s**2 + 2*s - 3. Let m be a(3). Let j(v) = -v**2 - 6*v + 6. What is j(m)?
6
Let q(y) be the third derivative of -y**4/12 + y**2 + 21. Give q(-1).
2
Let a(c) = -c**3 + 2*c**2 + c. Let d be 2 + 0/(3*-1). Let t be 4*d*3/12. What is a(t)?
2
Let g be (-2 - 1/1) + 0. Let p(s) = s**3 + 6*s**2 - 8*s + 8. Let m(i) = i**3 + 5*i**2 - 7*i + 7. Let x(f) = -5*m(f) + 4*p(f). Determine x(g).
6
Let t(m) = 3*m + 6. Let r(n) = 1. Let v(d) = 6*r(d) - t(d). Give v(-2).
6
Let s(y) be the third derivative of 0*y - 1/24*y**4 + 1/6*y**3 + y**2 + 0. Give s(5).
-4
Let n(h) = 3*h**2 + 25*h - 27. Let i(d) = 2*d**2 + 13*d - 14. Let f(g) = -5*i(g) + 3*n(g). Let r(p) = -2*p - 16. Let c be r(-12). Determine f(c).
5
Suppose -11 = -0*p - 4*p - w, -5*p + 5*w = -20. Let j(m) = -m**2 + 3*m + 3. Give j(p).
3
Suppose -6*r = -3*r - 3. Let h(i) = -7*i**2 - 2*i + 1. Determine h(r).
-8
Let a(d) = -d**3 + 6*d**2 + d - 3. Suppose 0 = 5*f + f - 36. What is a(f)?
3
Let r(d) = -d**2 + 8. Suppose 39 = -5*w - a + 6, 0 = 4*w + 4*a + 36. Give r(w).
-28
Let b(p) be the first derivative of p**4/4 + p**3 - 3*p**2 - p - 1. Let s = 4 - 8. What is b(s)?
7
Suppose -4*o - 8 = -b, 2*o + o = 5*b + 11. Let y(u) be the second derivative of -u**5/20 - u**4/4 - u**3/3 - u**2/2 - 2*u. What is y(o)?
5
Suppose -4*u = -48 - 0. Suppose i + 3*i + u = 0. Let l(k) = -k**3 - 3*k**2 + 2*k. Calculate l(i).
-6
Suppose -3*l + 16 = o + 4*o, 5*l = -2*o + 14. Let n(p) = l - 3*p - 2 + 4. Let z be (6/(-4))/(2/(-4)). Determine n(z).
-5
Suppose 3*h + 2*i = 20, 5*i + 17 = 3*h + 4*i. Let m(o) = o**3 + 1 - 1 + 2*o**2 - 9*o**2 + 1 + 7*o. Give m(h).
7
Suppose -1 = 2*z - 7. Let v(m) = m**2 - 3*m - 1. What is v(z)?
-1
Let s be (4 - -1)*12/(-10). Let b(w) = w**2 + 6*w - 3. What is b(s)?
-3
Let j(l) = 18*l**2 - 32*l**2 - 13*l + 7 + 15*l**2 + 4*l. Calculate j(6).
-11
Let u(j) = -4*j - 3. Let c(s) = -s - 1. Let p be (-1)/(-2) - (-9)/2. Suppose 2*q + 13 = -p. Let z(m) = q*c(m) + 2*u(m). Determine z(0).
3
Let p(j) = j**3 + 9*j**2 + 9*j + 10. Let y be p(-8). Let o(u) = 6*u - 3*u - 4*u + y*u. What is o(-2)?
-2
Let i(m) = 102 - 44 + m**2 - 54 + 5*m. Give i(-5).
4
Let l(z) = 3*z - 3. Let x(n) = 8*n - 9. Let b(a) = 11*l(a) - 4*x(a). Give b(-7).
-4
Let c(i) = 10*i**3 - 2*i**2 + i - 12*i**3 + 6*i**3. Let u(f) = -f**3 + 7*f**2 - 6*f + 1. Let r be u(6). Determine c(r).
3
Let d(y) = -y**2 - 5*y - 2. Let x be d(-3). Let l be (-2 + (-5)/(-2))*-2. Let k(s) = 2. Let c(f) = -f - 1. Let n(a) = l*k(a) - c(a). Determine n(x).
3
Let i be (-30)/75 + (-22)/(-5). Let j(t) = -t**3 + 4*t**2 - 5*t + 6. Determine j(i).
-14
Let b(m) = -6*m**3 + 11*m**2 - 9*m - 3. Let g(i) = 7*i**3 - 12*i**2 + 10*i + 3. Let k(d) = -6*b(d) - 5*g(d). Let o = 17 - 12. Give k(o).
-2
Let w be 2/(-4)*(-30)/5. Let h(o) = -o**w - o**3 + 3*o - 2 + 3*o**3 - 4*o**2. Calculate h(3).
-2
Let c(z) = -z**3 + 6*z**2 - 6*z - 3. Let i(m) = m**2 - m + 14. Suppose 7*q = 2*q. Let n be i(q). Suppose 2*f - n = -4. Give c(f).
-8
Let x(b) be the second derivative of -b**5/20 - b**4/4 - b**3/6 + b**2 - 2*b + 37. Calculate x(-3).
5
Suppose -5*r = -3 - 27. Let s(c) = -3*c + 7. Determine s(r).
-11
Let w(k) = -2*k + 2*k**2 + k**2 + k - 2*k**2. What is w(-2)?
6
Let q(l) = l + 4. Suppose 3*w - 4*i = 7*w + 12, -3*i = 9. Suppose h + w*j - 2 = -j, 0 = 4*j + 4. Let u be (1 - h)*(2 + -5). Give q(u).
10
Let s(i) = -2*i + 3*i**2 - 3 - 2*i**2 + 0*i**2. Give s(4).
5
Suppose -t + 18 = -5*z, -4 - 8 = -t + 3*z. Let s(y) = 2*y**t + 0*y - 3*y - 3*y**3 - 6*y**2 - 3*y - 7. Determine s(-5).
-2
Let o be (-6)/(-36) - 69/(-18). Let h(u) = 6 + 0*u**2 - 5*u + 5*u**2 - 3 - u**3. Determine h(o).
-1
Let r(x) = -x + 2*x + x + x**2 + 1 - x. Suppose -2*g = -3*p + 3, -p - 2*g - 7 = -0*g. Let c(b) = -5*b**2 - 10*b - 6. Let o(m) = p*c(m) - 6*r(m). Give o(4).
0
Let s(b) = 6*b + 1. Suppose 0*v = 2*v + 8. Let h be (3 - 5)/(v/(-2)). Determine s(h).
-5
Suppose 7 - 1 = 3*g. Let n(o) be the first derivative of 1 - o**g - 4/3*o**3 + 2*o. Determine n(-2).
-10
Suppose 5 - 29 = -4*u. Suppose 2*r - u = 0, 0 = 4*s + 4*r - 10 - 10. Let v be -4 - 1/s*-2. Let z(j) = j**2 + j - 2. Give z(v).
4
Let g(c) be the third derivative of -c**5/60 + 3*c**4/8 + c**3 - 4*c**2. What is g(7)?
20
Let k(h) be the second derivative of 2*h**3/3 + h**2 + 8*h. Suppose -3*d + 2*d - 2 = 0. What is k(d)?
-6
Let r(s) be the second derivative of s**4/6 - s**3/6 + s**2/2 + s - 18. Give r(4).
29
Let k(s) be the second derivative of s**4/6 - s**3/6 + s**2 + 8*s. What is k(2)?
8
Let i(o) = -o - 12. Let c(t) = 2*t + 23. Let m(h) = -3*c(h) - 5*i(h). What is m(-8)?
-1
Let x(b) = -2*b - 6. Let m = 2 + -2. Let p be (-12)/(-9)*(3 - m). Suppose 3*g + 25 = -2*s, -2*s - p*g - 13 = 17. Determine x(s).
4
Let o(c) = -c**2 + 4*c + 4. Let w be 18/4 + 27/(-18). Suppose 9 = -w*m - 6. Let i be 3 - (3 + 1) - m. Give o(i).
4
Let f(n) = -n + 6. Let c = 9 - 6. Suppose c*u = -3*u. Calculate f(u).
6
Let t(l) = l - 10 - 2 + 6. Calculate t(6).
0
Let g(w) be the third derivative of -w**5/60 - 5*w**4/24 + w**3/3 + 14*w**2. Determine g(-7).
-12
Let b be (-1 - 0/(-4))*-1. Let j(x) = 2*x + 1. What is j(b)?
3
Let n be 4/6 + 14/6. Let z = 2 + 3. Suppose p + n*q = -1, 8*p + z*q - 15 = 3*p. Let j(c) = -c + 12. Give j(p).
7
Let f(n) = 5*n - 1. Let t(h) = -2*h - 7. Let b be t(-8). Let w(p) = -2*p. Let s(y) = b*w(y) + 4*f(y). Suppose 2*u - 5*u + 12 = 0. Give s(u).
4
Let u(y) = 8*y + 6. Let r(h) = -7*h - 6. Let k(m) = -7*r(m) - 6*u(m). Let f be (-4)/6 + 24/9. Let s(a) = -a**2 - 1. Let n be s(f). Calculate k(n).
1
Let w(c) = 